{"id":236,"date":"2024-06-14T07:32:17","date_gmt":"2024-06-14T07:32:17","guid":{"rendered":"https:\/\/vicusalbus.org\/wordpress\/?page_id=236"},"modified":"2024-10-28T11:18:56","modified_gmt":"2024-10-28T11:18:56","slug":"portada","status":"publish","type":"page","link":"https:\/\/vicusalbus.org\/","title":{"rendered":"Portada"},"content":{"rendered":"<ul class=\"wp-block-latest-posts__list is-grid columns-3 has-dates wp-block-latest-posts\"><li><div class=\"wp-block-latest-posts__featured-image\"><img loading=\"lazy\" decoding=\"async\" width=\"300\" height=\"200\" src=\"https:\/\/vicusalbus.org\/wp-content\/uploads\/2025\/12\/armas10-300x200.jpg\" class=\"attachment-medium size-medium wp-post-image\" alt=\"\" style=\"\" srcset=\"https:\/\/vicusalbus.org\/wp-content\/uploads\/2025\/12\/armas10-300x200.jpg 300w, https:\/\/vicusalbus.org\/wp-content\/uploads\/2025\/12\/armas10-1024x682.jpg 1024w, https:\/\/vicusalbus.org\/wp-content\/uploads\/2025\/12\/armas10.jpg 2000w\" sizes=\"auto, 100vw\" \/><\/div><a class=\"wp-block-latest-posts__post-title\" href=\"https:\/\/vicusalbus.org\/?p=1206\">Duro rev\u00e9s para nuestro museo.<\/a><time datetime=\"2025-12-28T16:39:26+00:00\" class=\"wp-block-latest-posts__post-date\">28\/12\/2025<\/time><div class=\"wp-block-latest-posts__post-excerpt\">Comunicado a las socias y socios de Vicus Albus Queremos informaros de una cuesti\u00f3n relevante que afecta directamente a la colecci\u00f3n de objetos hist\u00f3ricos custodiados por la asociaci\u00f3n. En fechas recientes, Vicus Albus ha recibido un requerimiento de la Intervenci\u00f3n de Armas de la Guardia Civil en relaci\u00f3n con determinadas piezas que forman parte de &hellip; <p class=\"link-more\"><a href=\"https:\/\/vicusalbus.org\/?p=1206\" class=\"more-link\">Leer m\u00e1s<span class=\"screen-reader-text\"> \u00abDuro rev\u00e9s para nuestro museo.\u00bb<\/span><\/a><\/p><\/div><\/li>\n<li><div class=\"wp-block-latest-posts__featured-image\"><img loading=\"lazy\" decoding=\"async\" width=\"193\" height=\"300\" src=\"https:\/\/vicusalbus.org\/wp-content\/uploads\/2019\/11\/duque-193x300.jpg\" class=\"attachment-medium size-medium wp-post-image\" alt=\"\" style=\"\" srcset=\"https:\/\/vicusalbus.org\/wp-content\/uploads\/2019\/11\/duque-193x300.jpg 193w, https:\/\/vicusalbus.org\/wp-content\/uploads\/2019\/11\/duque.jpg 250w\" sizes=\"auto, 100vw\" \/><\/div><a class=\"wp-block-latest-posts__post-title\" href=\"https:\/\/vicusalbus.org\/?p=1197\">Presentaci\u00f3n de nueva publicaci\u00f3n sobre el Duque de Sevillano<\/a><time datetime=\"2025-11-21T06:43:11+00:00\" class=\"wp-block-latest-posts__post-date\">21\/11\/2025<\/time><div class=\"wp-block-latest-posts__post-excerpt\">Juan de Mata Sevillano y Fraile, primer duque de Sevillano y primer marqu\u00e9s de Fuentes del Duero, con Grandeza de Espa\u00f1a, nacido en Vic\u00e1lvaro que lleg\u00f3 a ser ministro de hacienda y uno de los m\u00e1s acaudalados emrpesarios de su tiempo. Su biograf\u00eda encierra numerosas curiosidades, con sus inevitables luces y sombras, que Agust\u00edn Fern\u00e1ndez &hellip; <p class=\"link-more\"><a href=\"https:\/\/vicusalbus.org\/?p=1197\" class=\"more-link\">Leer m\u00e1s<span class=\"screen-reader-text\"> \u00abPresentaci\u00f3n de nueva publicaci\u00f3n sobre el Duque de Sevillano\u00bb<\/span><\/a><\/p><\/div><\/li>\n<li><div class=\"wp-block-latest-posts__featured-image\"><img loading=\"lazy\" decoding=\"async\" width=\"212\" height=\"300\" src=\"https:\/\/vicusalbus.org\/wp-content\/uploads\/2025\/03\/Valdebernardo_2025-212x300.jpg\" class=\"attachment-medium size-medium wp-post-image\" alt=\"\" style=\"\" srcset=\"https:\/\/vicusalbus.org\/wp-content\/uploads\/2025\/03\/Valdebernardo_2025-212x300.jpg 212w, https:\/\/vicusalbus.org\/wp-content\/uploads\/2025\/03\/Valdebernardo_2025-723x1024.jpg 723w, https:\/\/vicusalbus.org\/wp-content\/uploads\/2025\/03\/Valdebernardo_2025.jpg 1130w\" sizes=\"auto, 100vw\" \/><\/div><a class=\"wp-block-latest-posts__post-title\" href=\"https:\/\/vicusalbus.org\/?p=1161\">Conmemoraci\u00f3n del 30\u00ba aniversario de Valdebernardo<\/a><time datetime=\"2025-03-22T17:39:21+00:00\" class=\"wp-block-latest-posts__post-date\">22\/03\/2025<\/time><div class=\"wp-block-latest-posts__post-excerpt\">Vicus Albus continua protegiendo la memoria del pueblo de Vic\u00e1lvaro. Una de las v\u00edas para conseguirlo es la difusi\u00f3n de su historia, que recoge acontecimientos de un pasado remoto o de otros tiempos m\u00e1s recientes. En este caso de trata de algo que muchos de los presentes tenemos en la memoria y que despertar\u00e1 nuestra &hellip; <p class=\"link-more\"><a href=\"https:\/\/vicusalbus.org\/?p=1161\" class=\"more-link\">Leer m\u00e1s<span class=\"screen-reader-text\"> \u00abConmemoraci\u00f3n del 30\u00ba aniversario de Valdebernardo\u00bb<\/span><\/a><\/p><\/div><\/li>\n<li><div class=\"wp-block-latest-posts__featured-image\"><img loading=\"lazy\" decoding=\"async\" width=\"225\" height=\"300\" src=\"https:\/\/vicusalbus.org\/wp-content\/uploads\/2025\/03\/WhatsApp-Image-2025-01-31-at-19.28.30-225x300.jpeg\" class=\"attachment-medium size-medium wp-post-image\" alt=\"\" style=\"\" srcset=\"https:\/\/vicusalbus.org\/wp-content\/uploads\/2025\/03\/WhatsApp-Image-2025-01-31-at-19.28.30-225x300.jpeg 225w, https:\/\/vicusalbus.org\/wp-content\/uploads\/2025\/03\/WhatsApp-Image-2025-01-31-at-19.28.30-768x1024.jpeg 768w, https:\/\/vicusalbus.org\/wp-content\/uploads\/2025\/03\/WhatsApp-Image-2025-01-31-at-19.28.30.jpeg 1200w\" sizes=\"auto, 100vw\" \/><\/div><a class=\"wp-block-latest-posts__post-title\" href=\"https:\/\/vicusalbus.org\/?p=1164\">Nueva pieza para el Museo de Vic\u00e1lvaro<\/a><time datetime=\"2025-01-31T19:04:58+00:00\" class=\"wp-block-latest-posts__post-date\">31\/01\/2025<\/time><div class=\"wp-block-latest-posts__post-excerpt\">El pasado d\u00eda 31 de enero vivimos una jornada hist\u00f3rica y entusiasta. Agradecemos a todos los que se han ofrecido a ayudarnos, y a los que se han presentado para arrimar el hombro, MUCHAS GRACIAS. Hemos hecho un traslado que ha sido muy \u00e1gil y ya tenemos en nuestras instalaciones otro objeto en deposito cedido por el Museo Arqueol\u00f3gico Regional de la Comunidad de Madrid, que deposita su confianza en nuestra asociacion.<\/div><\/li>\n<li><div class=\"wp-block-latest-posts__featured-image\"><img loading=\"lazy\" decoding=\"async\" width=\"300\" height=\"200\" src=\"https:\/\/vicusalbus.org\/wp-content\/uploads\/2024\/10\/IMG_8623-500x333-1-300x200.jpg\" class=\"attachment-medium size-medium wp-post-image\" alt=\"\" style=\"\" srcset=\"https:\/\/vicusalbus.org\/wp-content\/uploads\/2024\/10\/IMG_8623-500x333-1-300x200.jpg 300w, https:\/\/vicusalbus.org\/wp-content\/uploads\/2024\/10\/IMG_8623-500x333-1.jpg 500w\" sizes=\"auto, 100vw\" \/><\/div><a class=\"wp-block-latest-posts__post-title\" href=\"https:\/\/vicusalbus.org\/?p=1104\">Presentaci\u00f3n del libro &#8220;Los Alcaldes de Vic\u00e1lvaro&#8221;<\/a><time datetime=\"2024-10-25T08:46:09+00:00\" class=\"wp-block-latest-posts__post-date\">25\/10\/2024<\/time><div class=\"wp-block-latest-posts__post-excerpt\">El pasado d\u00eda 24 de octubre de 2024 tuvo lugar la presentaci\u00f3n del libro &#8220;Los Alcalde de Vic\u00e1lvaro. 1851-1951&#8221; que consiste en un compendio biogr\u00e1fico de cada uno de los alcaldes que tuvo el municipio de Vic\u00e1lvaro en sus \u00faltimos 100 a\u00f1os de existencia previos a convertirse en distrito de Madrid. LA presentaci\u00f3n corri\u00f3 a &hellip; <p class=\"link-more\"><a href=\"https:\/\/vicusalbus.org\/?p=1104\" class=\"more-link\">Leer m\u00e1s<span class=\"screen-reader-text\"> \u00abPresentaci\u00f3n del libro &#8220;Los Alcaldes de Vic\u00e1lvaro&#8221;\u00bb<\/span><\/a><\/p><\/div><\/li>\n<li><div class=\"wp-block-latest-posts__featured-image\"><img loading=\"lazy\" decoding=\"async\" width=\"300\" height=\"167\" src=\"https:\/\/vicusalbus.org\/wp-content\/uploads\/2024\/10\/bd2-intro-img-300x167.jpg\" class=\"attachment-medium size-medium wp-post-image\" alt=\"\" style=\"\" srcset=\"https:\/\/vicusalbus.org\/wp-content\/uploads\/2024\/10\/bd2-intro-img-300x167.jpg 300w, https:\/\/vicusalbus.org\/wp-content\/uploads\/2024\/10\/bd2-intro-img.jpg 900w\" sizes=\"auto, 100vw\" \/><\/div><a class=\"wp-block-latest-posts__post-title\" href=\"https:\/\/vicusalbus.org\/?p=1020\">Estudio sobre los restos arqueol\u00f3gicos del palacio del duque de Sevillano<\/a><time datetime=\"2024-10-05T21:22:25+00:00\" class=\"wp-block-latest-posts__post-date\">05\/10\/2024<\/time><div class=\"wp-block-latest-posts__post-excerpt\">Fotograf\u00edas por gentileza de PRYCONSA. Desde ese momento la empresa cumpli\u00f3 toda normativa y protocolo para respetar los restos que aparecieron bajo tierra. A continuaci\u00f3n encarg\u00f3 un estudio t\u00e9cnico muy eficiente que publicamos en nuestra p\u00e1gina web para conocimiento general de todo aquel que est\u00e9 interesado. En el siglo XVIII entre las actuales calles de &hellip; <p class=\"link-more\"><a href=\"https:\/\/vicusalbus.org\/?p=1020\" class=\"more-link\">Leer m\u00e1s<span class=\"screen-reader-text\"> \u00abEstudio sobre los restos arqueol\u00f3gicos del palacio del duque de Sevillano\u00bb<\/span><\/a><\/p><\/div><\/li>\n<\/ul>\n\n\n<figure class=\"wp-block-audio\"><audio controls src=\"https:\/\/vicusalbus.org\/wp-content\/uploads\/2024\/10\/Archivo-y-Museo-de-Vicalvaro.mp3\" autoplay loop><\/audio><\/figure>\n\n\n\n<p><\/p>\n","protected":false},"excerpt":{"rendered":"","protected":false},"author":1,"featured_media":212,"parent":0,"menu_order":0,"comment_status":"closed","ping_status":"closed","template":"","meta":{"two_page_speed":[],"footnotes":""},"class_list":["post-236","page","type-page","status-publish","has-post-thumbnail","hentry"],"yoast_head":"<!-- This site is optimized with the Yoast SEO plugin v27.3 - https:\/\/yoast.com\/product\/yoast-seo-wordpress\/ -->\n<title>Portada - Asociaci\u00f3n Vicus Albus<\/title>\n<meta name=\"robots\" content=\"index, follow, max-snippet:-1, max-image-preview:large, max-video-preview:-1\" \/>\n<link rel=\"canonical\" href=\"https:\/\/vicusalbus.org\/\" \/>\n<meta property=\"og:locale\" content=\"es_ES\" \/>\n<meta property=\"og:type\" content=\"article\" \/>\n<meta property=\"og:title\" content=\"Portada - Asociaci\u00f3n Vicus Albus\" \/>\n<meta property=\"og:url\" content=\"https:\/\/vicusalbus.org\/\" \/>\n<meta property=\"og:site_name\" content=\"Asociaci\u00f3n Vicus Albus\" \/>\n<meta property=\"article:modified_time\" content=\"2024-10-28T11:18:56+00:00\" \/>\n<meta property=\"og:image\" content=\"https:\/\/vicusalbus.org\/wp-content\/uploads\/2024\/06\/135146_museo_vicalvaro10_kr_thumb_722.jpg\" \/>\n\t<meta property=\"og:image:width\" content=\"722\" \/>\n\t<meta property=\"og:image:height\" content=\"406\" \/>\n\t<meta property=\"og:image:type\" content=\"image\/jpeg\" \/>\n<meta name=\"twitter:card\" content=\"summary_large_image\" \/>\n<meta name=\"twitter:label1\" content=\"Tiempo de lectura\" \/>\n\t<meta name=\"twitter:data1\" content=\"1 minuto\" \/>\n<script type=\"application\/ld+json\" class=\"yoast-schema-graph\">{\"@context\":\"https:\\\/\\\/schema.org\",\"@graph\":[{\"@type\":\"WebPage\",\"@id\":\"https:\\\/\\\/vicusalbus.org\\\/\",\"url\":\"https:\\\/\\\/vicusalbus.org\\\/\",\"name\":\"Portada - Asociaci\u00f3n Vicus Albus\",\"isPartOf\":{\"@id\":\"https:\\\/\\\/vicusalbus.org\\\/#website\"},\"primaryImageOfPage\":{\"@id\":\"https:\\\/\\\/vicusalbus.org\\\/#primaryimage\"},\"image\":{\"@id\":\"https:\\\/\\\/vicusalbus.org\\\/#primaryimage\"},\"thumbnailUrl\":\"https:\\\/\\\/vicusalbus.org\\\/wp-content\\\/uploads\\\/2024\\\/06\\\/135146_museo_vicalvaro10_kr_thumb_722.jpg\",\"datePublished\":\"2024-06-14T07:32:17+00:00\",\"dateModified\":\"2024-10-28T11:18:56+00:00\",\"breadcrumb\":{\"@id\":\"https:\\\/\\\/vicusalbus.org\\\/#breadcrumb\"},\"inLanguage\":\"es\",\"potentialAction\":[{\"@type\":\"ReadAction\",\"target\":[\"https:\\\/\\\/vicusalbus.org\\\/\"]}]},{\"@type\":\"ImageObject\",\"inLanguage\":\"es\",\"@id\":\"https:\\\/\\\/vicusalbus.org\\\/#primaryimage\",\"url\":\"https:\\\/\\\/vicusalbus.org\\\/wp-content\\\/uploads\\\/2024\\\/06\\\/135146_museo_vicalvaro10_kr_thumb_722.jpg\",\"contentUrl\":\"https:\\\/\\\/vicusalbus.org\\\/wp-content\\\/uploads\\\/2024\\\/06\\\/135146_museo_vicalvaro10_kr_thumb_722.jpg\",\"width\":722,\"height\":406},{\"@type\":\"BreadcrumbList\",\"@id\":\"https:\\\/\\\/vicusalbus.org\\\/#breadcrumb\",\"itemListElement\":[{\"@type\":\"ListItem\",\"position\":1,\"name\":\"Portada\",\"item\":\"https:\\\/\\\/vicusalbus.org\\\/\"},{\"@type\":\"ListItem\",\"position\":2,\"name\":\"Portada\"}]},{\"@type\":\"WebSite\",\"@id\":\"https:\\\/\\\/vicusalbus.org\\\/#website\",\"url\":\"https:\\\/\\\/vicusalbus.org\\\/\",\"name\":\"Asociaci\u00f3n Vicus Albus\",\"description\":\"\",\"publisher\":{\"@id\":\"https:\\\/\\\/vicusalbus.org\\\/#organization\"},\"potentialAction\":[{\"@type\":\"SearchAction\",\"target\":{\"@type\":\"EntryPoint\",\"urlTemplate\":\"https:\\\/\\\/vicusalbus.org\\\/?s={search_term_string}\"},\"query-input\":{\"@type\":\"PropertyValueSpecification\",\"valueRequired\":true,\"valueName\":\"search_term_string\"}}],\"inLanguage\":\"es\"},{\"@type\":\"Organization\",\"@id\":\"https:\\\/\\\/vicusalbus.org\\\/#organization\",\"name\":\"Asociaci\u00f3n Vicus Albus\",\"url\":\"https:\\\/\\\/vicusalbus.org\\\/\",\"logo\":{\"@type\":\"ImageObject\",\"inLanguage\":\"es\",\"@id\":\"https:\\\/\\\/vicusalbus.org\\\/#\\\/schema\\\/logo\\\/image\\\/\",\"url\":\"https:\\\/\\\/vicusalbus.org\\\/wp-content\\\/uploads\\\/2024\\\/06\\\/cropped-logo_oficial_vicus.jpg\",\"contentUrl\":\"https:\\\/\\\/vicusalbus.org\\\/wp-content\\\/uploads\\\/2024\\\/06\\\/cropped-logo_oficial_vicus.jpg\",\"width\":496,\"height\":100,\"caption\":\"Asociaci\u00f3n Vicus Albus\"},\"image\":{\"@id\":\"https:\\\/\\\/vicusalbus.org\\\/#\\\/schema\\\/logo\\\/image\\\/\"}}]}<\/script>\n<!-- \/ Yoast SEO plugin. -->","yoast_head_json":{"title":"Portada - Asociaci\u00f3n Vicus Albus","robots":{"index":"index","follow":"follow","max-snippet":"max-snippet:-1","max-image-preview":"max-image-preview:large","max-video-preview":"max-video-preview:-1"},"canonical":"https:\/\/vicusalbus.org\/","og_locale":"es_ES","og_type":"article","og_title":"Portada - Asociaci\u00f3n Vicus Albus","og_url":"https:\/\/vicusalbus.org\/","og_site_name":"Asociaci\u00f3n Vicus Albus","article_modified_time":"2024-10-28T11:18:56+00:00","og_image":[{"width":722,"height":406,"url":"https:\/\/vicusalbus.org\/wp-content\/uploads\/2024\/06\/135146_museo_vicalvaro10_kr_thumb_722.jpg","type":"image\/jpeg"}],"twitter_card":"summary_large_image","twitter_misc":{"Tiempo de lectura":"1 minuto"},"schema":{"@context":"https:\/\/schema.org","@graph":[{"@type":"WebPage","@id":"https:\/\/vicusalbus.org\/","url":"https:\/\/vicusalbus.org\/","name":"Portada - Asociaci\u00f3n Vicus Albus","isPartOf":{"@id":"https:\/\/vicusalbus.org\/#website"},"primaryImageOfPage":{"@id":"https:\/\/vicusalbus.org\/#primaryimage"},"image":{"@id":"https:\/\/vicusalbus.org\/#primaryimage"},"thumbnailUrl":"https:\/\/vicusalbus.org\/wp-content\/uploads\/2024\/06\/135146_museo_vicalvaro10_kr_thumb_722.jpg","datePublished":"2024-06-14T07:32:17+00:00","dateModified":"2024-10-28T11:18:56+00:00","breadcrumb":{"@id":"https:\/\/vicusalbus.org\/#breadcrumb"},"inLanguage":"es","potentialAction":[{"@type":"ReadAction","target":["https:\/\/vicusalbus.org\/"]}]},{"@type":"ImageObject","inLanguage":"es","@id":"https:\/\/vicusalbus.org\/#primaryimage","url":"https:\/\/vicusalbus.org\/wp-content\/uploads\/2024\/06\/135146_museo_vicalvaro10_kr_thumb_722.jpg","contentUrl":"https:\/\/vicusalbus.org\/wp-content\/uploads\/2024\/06\/135146_museo_vicalvaro10_kr_thumb_722.jpg","width":722,"height":406},{"@type":"BreadcrumbList","@id":"https:\/\/vicusalbus.org\/#breadcrumb","itemListElement":[{"@type":"ListItem","position":1,"name":"Portada","item":"https:\/\/vicusalbus.org\/"},{"@type":"ListItem","position":2,"name":"Portada"}]},{"@type":"WebSite","@id":"https:\/\/vicusalbus.org\/#website","url":"https:\/\/vicusalbus.org\/","name":"Asociaci\u00f3n Vicus Albus","description":"","publisher":{"@id":"https:\/\/vicusalbus.org\/#organization"},"potentialAction":[{"@type":"SearchAction","target":{"@type":"EntryPoint","urlTemplate":"https:\/\/vicusalbus.org\/?s={search_term_string}"},"query-input":{"@type":"PropertyValueSpecification","valueRequired":true,"valueName":"search_term_string"}}],"inLanguage":"es"},{"@type":"Organization","@id":"https:\/\/vicusalbus.org\/#organization","name":"Asociaci\u00f3n Vicus Albus","url":"https:\/\/vicusalbus.org\/","logo":{"@type":"ImageObject","inLanguage":"es","@id":"https:\/\/vicusalbus.org\/#\/schema\/logo\/image\/","url":"https:\/\/vicusalbus.org\/wp-content\/uploads\/2024\/06\/cropped-logo_oficial_vicus.jpg","contentUrl":"https:\/\/vicusalbus.org\/wp-content\/uploads\/2024\/06\/cropped-logo_oficial_vicus.jpg","width":496,"height":100,"caption":"Asociaci\u00f3n Vicus Albus"},"image":{"@id":"https:\/\/vicusalbus.org\/#\/schema\/logo\/image\/"}}]}},"_links":{"self":[{"href":"https:\/\/vicusalbus.org\/index.php?rest_route=\/wp\/v2\/pages\/236","targetHints":{"allow":["GET"]}}],"collection":[{"href":"https:\/\/vicusalbus.org\/index.php?rest_route=\/wp\/v2\/pages"}],"about":[{"href":"https:\/\/vicusalbus.org\/index.php?rest_route=\/wp\/v2\/types\/page"}],"author":[{"embeddable":true,"href":"https:\/\/vicusalbus.org\/index.php?rest_route=\/wp\/v2\/users\/1"}],"replies":[{"embeddable":true,"href":"https:\/\/vicusalbus.org\/index.php?rest_route=%2Fwp%2Fv2%2Fcomments&post=236"}],"version-history":[{"count":19,"href":"https:\/\/vicusalbus.org\/index.php?rest_route=\/wp\/v2\/pages\/236\/revisions"}],"predecessor-version":[{"id":1144,"href":"https:\/\/vicusalbus.org\/index.php?rest_route=\/wp\/v2\/pages\/236\/revisions\/1144"}],"wp:featuredmedia":[{"embeddable":true,"href":"https:\/\/vicusalbus.org\/index.php?rest_route=\/wp\/v2\/media\/212"}],"wp:attachment":[{"href":"https:\/\/vicusalbus.org\/index.php?rest_route=%2Fwp%2Fv2%2Fmedia&parent=236"}],"curies":[{"name":"wp","href":"https:\/\/api.w.org\/{rel}","templated":true}]}}